hat is the remainder when u is divided by h?
8
Suppose 2*l = -0*w + 4*w - 50, -2*w + 2*l + 26 = 0. What is the remainder when 31 is divided by w?
7
Suppose -10*p + 5*p = -80. Suppose 3*h + 25 = -2*h, 2*s + 2*h + p = 0. Let t(l) = l**2 + 4. Calculate the remainder when t(s) is divided by 7.
6
What is the remainder when 9 is divided by ((-9)/(-6))/(1/2)?
0
Suppose 4*p - a = 3*a + 1000, -p + 270 = -5*a. Calculate the remainder when p is divided by 31.
28
Let o = 54 - 22. Calculate the remainder when 59 is divided by o.
27
Let o be (2/5)/(3/15). Suppose -z + 2 = 2*f, -5*z + o*f + 10 = -f. Calculate the remainder when z is divided by 1.
0
Let s(n) = 4*n + 1. Calculate the remainder when 73 is divided by s(6).
23
Suppose 3*j + 3*v = 45, 45 = -0*j + 3*j - 2*v. What is the remainder when 44 is divided by j?
14
Calculate the remainder when 49 is divided by 1/2 + (6 - 222/(-12)).
24
Suppose -6*f + 36 = 3*f. Calculate the remainder when 10 is divided by f.
2
Let g = -98 - -58. Let n(j) = 2*j + 1. What is the remainder when g*((-14)/(-4))/(-7) is divided by n(3)?
6
Suppose 0 = -t - 0*t - 2*v + 38, 4*t = -5*v + 143. What is the remainder when t is divided by 17?
15
Let d(c) = -4*c - 9. Let m be 7 + 2 + 4/(-1). Suppose -6*w + 4*w + 4*z = 0, 5*w + m*z = 60. What is the remainder when d(-8) is divided by w?
7
What is the remainder when 73 is divided by 2/(-3) + (-118)/(-6)?
16
Suppose 0 = -v - 1078 + 70. Calculate the remainder when 2/5 - v/30 is divided by 12.
10
Let u be 3/((-2)/152*-6). Suppose 34 = 4*f - u. Calculate the remainder when f is divided by 7.
4
Suppose 2*x + 2 = -4. Let q = x - -11. Calculate the remainder when 14 is divided by q.
6
Let q(n) = -2*n**2 + 1. Let a be q(-1). Let m(p) = -11*p**3 - 2*p**2 - 2*p - 1. What is the remainder when m(a) is divided by 6?
4
Suppose -d + 2*a = 25, -3*a + 30 = -3*d + 2*d. Calculate the remainder when 34 is divided by (d/(-20))/(2/32).
10
Let p = 1 + 3. Let h(x) = x - 5. Let s be h(5). Suppose 8 = 2*k + q, -2*k + s*q + 12 = 3*q. Calculate the remainder when p is divided by k.
1
Suppose 0 = -f - f + 24. Calculate the remainder when f is divided by 7.
5
What is the remainder when 53 is divided by 1/((18 - 17) + (-10)/11)?
9
Suppose 12*f = 5*n + 9*f - 60, -24 = -2*n + 2*f. What is the remainder when n is divided by 1?
0
Let z be (6/(-5))/((-3)/10). Suppose 2*v = -2*v - z*u + 40, -5*u - 10 = 0. What is the remainder when 21 is divided by v?
9
Let p be ((-8)/(-4))/((-4)/(-10)). Suppose 0 = -z + 3*f + 6, -z - 3*f - 69 = -p*z. What is the remainder when z is divided by 11?
10
Let n = 25 + -7. Let d be (45/18)/((-2)/(-4)). Suppose 34 = 6*s - d*s. Calculate the remainder when s is divided by n.
16
Let y(n) = -62*n - 1. Let g be y(-1). Let h = g + -24. Calculate the remainder when h is divided by 19.
18
Let p = 32 + 9. What is the remainder when p is divided by 21?
20
What is the remainder when 15 is divided by (-5 - (6 + -9))*(1 - 5)?
7
Suppose 26 = 4*j - 6. Calculate the remainder when 29 is divided by j.
5
Let b(n) = n - 11. Suppose -100 = -5*o + 5*f, -3*o + 0*o + f + 50 = 0. What is the remainder when 13 is divided by b(o)?
1
Let w(s) = s**3 - 7*s**2 + 3*s + 4. Let h be w(6). Let i be (0 - 28) + (-14)/7. Let y = h - i. Calculate the remainder when 46 is divided by y.
14
Let h be 3*((-6)/3)/2. Let m(c) = 6*c**2 + 2*c + 4. Calculate the remainder when m(h) is divided by 5*(-1)/(10/(-36)).
16
Suppose 4*h + 5*x = 199, 3*h - 3*x - 147 = -18. Calculate the remainder when 90 is divided by h.
44
Suppose -2*k + 4 = -0*k. Suppose -k*c + z = -31, -c - 4*c + 80 = -3*z. What is the remainder when 38 is divided by c?
12
Suppose -5*q + 59 = 4. Suppose u = -4*g + 15, -8 = -7*g + 4*g - 4*u. Suppose 1 - 2 = j, -8 = -3*y - g*j. Calculate the remainder when q is divided by y.
3
Let f(k) = -2*k + 20. Calculate the remainder when 5 is divided by f(9).
1
Let f = 20 + -15. Suppose -x + 0*x - 7 = -3*s, f*x = s + 21. What is the remainder when x is divided by 4?
1
Suppose 0*g - 2*g + 5*o = -23, 2*g - 26 = 2*o. Calculate the remainder when 41 is divided by g.
13
Suppose 4*d = -d + 105. Suppose 0 = 3*u + 2*r - 113, 3*r = -3*u - r + 103. What is the remainder when u is divided by d?
20
Let i = 1 + 12. Calculate the remainder when i is divided by 3 + -6 - -5 - -2.
1
Let z(q) = q**2 + q - 4. What is the remainder when z(-5) is divided by (6/(-8))/(2/(-16))?
4
What is the remainder when 39 is divided by 4/6 - 124/(-12)?
6
Suppose -7 = 3*k - 5*t - 49, -t - 39 = -4*k. What is the remainder when 17 is divided by k?
8
Suppose 109 = 5*n + 29. Let w be (2 + -1)/(3 - 4). Let v = w - -7. What is the remainder when n is divided by v?
4
Let b(t) = -5*t - 9. What is the remainder when 40 is divided by b(-6)?
19
Let v be (-2)/13 - (-392)/182. Suppose -q - 20 = -6*q. Suppose v = q*k - 3*k. Calculate the remainder when k is divided by 2.
0
Let n(z) = z**3 + 5*z**2 - 2. Let o(m) = m**3 - 7*m**2 - 7*m - 10. Let q be o(8). What is the remainder when n(q) is divided by 3?
1
Let g(m) = m**3 - 15*m**2 + 15*m - 1. Calculate the remainder when g(14) is divided by 7.
6
Let g(a) = 2*a + 2. Suppose -3 = -5*t + 4*r + 13, 0 = 5*t + 4*r - 24. Calculate the remainder when 17 is divided by g(t).
7
Suppose -5*l + 0 = 25. Let u = l - -4. Calculate the remainder when 46 is divided by (u - (-3 - 1)) + 13.
14
Let k = -80 - -143. What is the remainder when k is divided by 13?
11
Suppose -i - 402 = -7*i. Let g(a) = 6*a + 4. Let p be g(3). What is the remainder when i is divided by (-3)/(1*-3) + p?
21
Let j(f) = -f**2 + 11*f + 6. Calculate the remainder when 168 is divided by j(4).
32
Let d(o) = 4*o**2 - 3*o - 17. Calculate the remainder when d(-4) is divided by 10.
9
Let t(k) = 3*k**2 - 7*k - 11. Let h(v) = -2*v**2 + 7*v + 10. Let d(g) = 4*h(g) + 3*t(g). Calculate the remainder when d(-9) is divided by 14.
11
Suppose 0*v + 5*v + 54 = 2*s, 5*s + 15 = 0. Let z(r) = r**2 + 10*r - 3. What is the remainder when 60 is divided by z(v)?
18
Let c = 11 + -15. Calculate the remainder when 31 is divided by (-65)/c + (-1)/4.
15
Let q(j) = 14*j - 2. Let u = 7 - 2. What is the remainder when q(u) is divided by 23?
22
Let n = 5 - -4. What is the remainder when n is divided by 6?
3
Calculate the remainder when 58 is divided by 19 + -4 - (0 - 0).
13
Let o = -8 + 17. What is the remainder when 17 is divided by o?
8
Let s be (-33 + 3)/((-2)/1). Suppose -5*m = -2 + 27. Let r = m + s. Calculate the remainder when 29 is divided by r.
9
Let m be (-1)/(-1 - 15/(-16)). Let n = -6 + m. What is the remainder when 19 is divided by n?
9
Suppose -7*k + 2*k = -25. What is the remainder when 21 is divided by k?
1
Let s(g) = g**2 + 7*g - 13. Calculate the remainder when 7 is divided by s(-9).
2
Let n(u) = -2*u**3 + 2*u**2 - 1. Let i be n(-1). Let d be 2/i*9/2. Suppose -3*l - 34 = -5*m + 21, d*l - 29 = -m. Calculate the remainder when m is divided by 4.
2
Let z = -42 + 29. Let u = z - -32. Suppose -2*b + 12 = s, 0*s = 3*s + 2*b - 32. Calculate the remainder when u is divided by s.
9
Suppose -a - 2*t - 5 = -6*t, -5*a - 2*t + 41 = 0. Let g = 2 + 18. Calculate the remainder when g is divided by a.
6
Let i = -23 - -40. What is the remainder when i is divided by 6?
5
Let y = 15 - 1. Calculate the remainder when 27 is divided by y.
13
Let l = 2 + 13. Let m = 4 + l. Calculate the remainder when m is divided by 5/(-15) + 31/3.
9
Let g(w) = -w**3 + 9*w**2 - 11*w + 4. What is the remainder when (4 - 3)/(1 + (-144)/146) is divided by g(7)?
23
Let w = 11 + 20. Let t be (-37)/(-6) + (-2)/12. Suppose t + 5 = f. Calculate the remainder when w is divided by f.
9
Suppose -2*s = -6*s + 8. Suppose 4*o = 5*w + 12, s*w = -0*w - 3*o - 14. Let t = w + 28. Calculate the remainder when 47 is divided by t.
23
Suppose 0 = -4*o - a - 82, -3*o + 8*o + 3*a = -106. Suppose y + v + 178 = 6*y, -3*v + 96 = 3*y. Let t = y + o. What is the remainder when 28 is divided by t?
13
Let i(r) = 0*r - r + 2*r - 2 + 1. Let y be i(1). Suppose y = 3*p - 5*p + 48. What is the remainder when 46 is divided by p?
22
Let k(r) = r**3 + 8*r**2 + 1. Let o be k(-8). Let u(q) = -q - 5. Let w be u(4). What is the remainder when 24 is divided by (w + -3 - o)*-1?
11
Calculate the remainder when (20/8)/5*2 is divided by 1.
0
Let c = -162 - -231. Calculate the remainder wh